be t(15). What is the greatest common divisor of 5530 and c?
158
Let g be ((-8)/12)/(3/9). Suppose 2*i = -f - 3*f, 0 = i - 2*f - 8. Let c be i/(g/10*20/(-6)). Calculate the greatest common divisor of 6 and c.
6
Let z be (-16)/(-12) + ((-20)/(-260) - (-27564)/117). Calculate the highest common divisor of z and 39.
3
Suppose 0 = -z + 11658 + 3222. Calculate the highest common divisor of z and 15.
15
Suppose 2*p = -4*q + 444, 2*q = 4*p - 50 + 252. Let k = 65 - q. Let w = k + 252. What is the highest common divisor of 26 and w?
26
Let g be ((-3)/((-36)/44))/((-23)/(-2070)). Calculate the highest common factor of 690 and g.
30
Suppose -104*l - 1736 = -12032. Let y(d) = d**3 - 4*d**2 - 6. Let p be y(6). Let q = -33 + p. Calculate the highest common divisor of q and l.
33
Suppose 4*m - 2*b = -3*b + 654, 3*m - 477 = -3*b. Calculate the highest common divisor of m and 4345.
55
Let o be 39/91 - (-283)/(-7). Let a = o + 45. Suppose d - 15 = u, 5*u - 3 - 22 = -a*d. Calculate the highest common factor of 5 and d.
5
Suppose -14*q - 4*q = -2*q. Suppose q = 2*f - 30*f + 336. Let z = -73 + 181. What is the greatest common factor of f and z?
12
Let h be 3/(-4) + 234/416*6780. Calculate the greatest common divisor of 369 and h.
123
Let i = -15 - -18. Suppose -i = -4*l + 1. Let p be -5*((-38)/10 + (9 - 7)). Calculate the greatest common divisor of p and l.
1
Suppose 5*g - y = -0*y + 5, g - 1 = -y. Let m be (-9 - -31) + 2 + g. Calculate the greatest common divisor of 425 and m.
25
Let p = 4989 + -4681. What is the highest common factor of 319 and p?
11
Suppose -19*s + 20760 = 21*s. What is the greatest common factor of s and 9?
3
Let k = 7199 + -6945. What is the greatest common divisor of k and 5207?
127
Let p be 1 - -10 - (82 - 109). Calculate the greatest common factor of 26 and p.
2
Suppose 0 = h + 5*h + 1008. Let s = h - -234. What is the highest common divisor of s and 88?
22
Suppose 2*n = 10 + 6. Suppose p - 4*p + 883 = 4*a, 0 = -p + 4*a + 305. Let k = -296 + p. What is the greatest common factor of n and k?
1
Suppose 5*n = -4*l + 12 + 8, -l - 3*n + 5 = 0. Suppose -8 = -l*r + 12. What is the greatest common divisor of r and 24?
4
Let q = -4116 - -4200. What is the greatest common divisor of q and 996?
12
Suppose 2*k - k + i = 112, 5*k - 4*i = 596. Suppose 2*v - k = -4*j, 0 = v - j - 29 - 20. Calculate the highest common factor of v and 91.
13
Let i = 17633 + -17618. Let p be ((-8)/(-3))/2*90. What is the highest common factor of i and p?
15
Let c = 347 + -617. Let g = 286 + c. What is the greatest common divisor of g and 20?
4
Let y(z) = z**2 + 6*z - 10. Let q be y(-8). Let i be (-1)/(-6) - (667/q + -1). Let p = i - -126. Calculate the greatest common factor of p and 80.
16
Let k be 2 + -2 + 4 + (-14 - 6). Let q = k + 61. Suppose a - 3*n + 1 - 4 = 0, -n = 2*a - 34. What is the highest common factor of q and a?
15
Let q be ((-154)/(-2))/(180/18 - 9). What is the highest common divisor of q and 1441?
11
Suppose f + 0 = 3. Suppose -f*m = 3*u - 42, -11 - 36 = -3*u - 4*m. Let v be 1 + u/(-3) - -12. What is the highest common factor of 50 and v?
10
Let z(a) = 2*a**2 + 19*a + 80. Let b be 0/1 - (-4 + 20). Let h be z(b). Calculate the highest common factor of 18 and h.
18
Let q(t) = t**2 - 4*t - 41. Let o be q(-5). Let a(z) = 10*z**2 - 7*z - 16. Let i be a(-4). What is the greatest common factor of i and o?
4
Let g be -3 - (-2)/(((-15)/(-20))/3). Suppose 3*c + g*b - 22 = 0, 3*b + 14 - 4 = 4*c. Calculate the greatest common divisor of c and 16.
4
Suppose -3*x = -2*b + 29, 5*x - 79 = -4*b - 32. Let v be (-146)/365 + 1444/10 + -1. What is the highest common factor of v and b?
13
Let t(k) = 6*k**2 - 50*k - 1926. Let c be t(23). Let z(g) = -2*g + 2. Let u be (2 - 9) + (1 - 0). Let i be z(u). What is the greatest common factor of i and c?
14
Suppose -98*f + 18953 = -17403 + 13424. What is the greatest common divisor of 4329 and f?
117
Let f = 12950 + -12942. What is the highest common divisor of f and 3004?
4
Let q be (-4)/(-18) + 175/63. Let t be 113 + q - (1 + 0). Let y be 247/11 + 30/55. What is the greatest common factor of t and y?
23
Let s = -16249 + 17739. Calculate the greatest common divisor of 8 and s.
2
Suppose -112*p + 337 + 178 = -493. What is the highest common factor of 206 and p?
1
Let j be (-399)/38*-6 + 22. Calculate the greatest common factor of j and 71400.
85
Let v be 44 + -21 - (2 - (0 - 0)). Let h(u) = 58*u + 4. Let a be h(5). Suppose 0 = -2*x - 0*x + a. Calculate the highest common factor of v and x.
21
Let h(v) be the first derivative of v**2 + 2*v - 10. Let q be h(-1). Suppose 48 = 4*w - q*w. Calculate the greatest common divisor of 15 and w.
3
Let b be ((-84)/15)/(-4) + (-181999)/(-965). Calculate the highest common divisor of b and 50.
10
Let k(a) = -8*a**3 + 3*a**2 + 4*a. Let t be k(-4). Suppose 2*r - 19 = -l + 23, 2*l - 4*r = 52. Calculate the highest common divisor of l and t.
34
Let z be 0 + (-3)/(-15) - (960/(-75) - 3). Calculate the greatest common divisor of 1600 and z.
16
Let m = -484 + 867. Let q be (1 + 1)/(m/127 + -3). Let y = 192 - q. What is the highest common factor of y and 26?
13
Let w be ((-16)/6 - -2)*-24. Let x(v) = v**3 - 28*v**2 + 159*v + 668. Let u be x(16). What is the greatest common divisor of w and u?
4
Let h(a) = 9*a**2 + 155*a + 21. Let g = -737 + 719. Let d be h(g). What is the highest common factor of 21 and d?
21
Suppose -316 = -22*z + 226 - 58. Calculate the highest common divisor of z and 12.
2
Let u = 1362 - 1068. Calculate the greatest common factor of 189 and u.
21
Let h = 16086 - 16046. What is the greatest common factor of h and 5140?
20
Suppose 496 = -107*u + 103*u. Let x be u/(-44) + (-6)/(-33). Suppose -17 + 23 = x*i. What is the greatest common factor of 10 and i?
2
Let o(f) = 138*f**2 - 4*f + 6. Let t be o(2). Suppose -2*z + 6*z + 447 = 3*r, -5*z = 5*r + t. Let s = z + 129. What is the highest common divisor of 6 and s?
6
Let d be -1 + 10/(-2) + (-48)/(-6). Suppose -3*t - 162 + 33 = -d*v, 4*v - 2*t = 254. Calculate the highest common factor of 45 and v.
9
Let c = 13035 + -12999. Suppose 4*y + 4*i = i + 237, 4*y = -2*i + 238. Calculate the greatest common factor of c and y.
12
Let c(y) = 5*y + 0*y**3 - y**3 - 4*y - 180*y**2 - 9 + 190*y**2. Let j be c(10). Calculate the highest common factor of j and 25.
1
Let d be 1/(-2 + (-652)/(-324)). Let l(t) = -3*t + 43. Let y be l(12). Let n be y/1 + (-3 - -2 - -3). Calculate the greatest common divisor of d and n.
9
Let d = 1462 - 1306. Let v = -3 + 8. Suppose -5*l = v*j + 11 - d, 4*l - 3*j = 130. Calculate the highest common factor of l and 62.
31
Suppose 0 = -13*j - 131 + 4083. Calculate the greatest common divisor of 38 and j.
38
Let n = 98 - 74. Let c(g) = g**3 + 7*g**2 - 17*g + 14. Let r be c(-9). Suppose 0 = r*x - 214 - 206. Calculate the highest common divisor of n and x.
12
Suppose 4*g + m - 3559 = 0, g - 27*m = -28*m + 892. Let s = g - 759. Let r be 50/4 - (-1)/2. What is the highest common divisor of r and s?
13
Let p = 1494 + -1475. Let h = 36 - -116. What is the greatest common divisor of p and h?
19
Let l = -70 - -77. Suppose -12*y + 5 + l = 0. Calculate the greatest common factor of y and 45.
1
Let d be ((-1222)/(-39) + -18)/(4/9). What is the greatest common factor of d and 12320?
10
Suppose -5*w + 0*h = h - 15, -5*h - 12 = -4*w. Suppose w*s = 32 - 5. Suppose -6*p = -s*p + 231. Calculate the greatest common factor of 11 and p.
11
Let k = -3005 + 5789. What is the highest common divisor of 108 and k?
12
Suppose 0 = 2*w + 24*w + 48409 - 54649. What is the greatest common factor of w and 3460?
20
Let r(l) = l**2 - 239*l + 4856. Let x be r(217). Let i = -215 + 953. Calculate the greatest common factor of x and i.
82
Let c(b) = -6*b + 164. Let f be c(29). Let y be (-1)/f - (-18780)/200. What is the highest common divisor of 47 and y?
47
Let x = -16854 + 17529. Calculate the highest common factor of 6300 and x.
225
Let a(n) = -612*n + 7480. Let v be a(0). Calculate the greatest common factor of v and 40.
40
Suppose 35*a - 97 = 30*a + 3*u, 5 = 5*u. What is the highest common factor of a and 1690?
10
Suppose 0 = -2*l - l + 4*x + 56, 3*l - 5*x = 61. Suppose -140 = -12*y - 44. Calculate the greatest common factor of y and l.
4
Let d be ((-20)/7)/(8/(-2